e 2920/(-30) - (-2)/6. Let b = 165 + n. What are the prime factors of b?
2, 17
Let z = 205 + 202. What are the prime factors of z?
11, 37
Let x be (8 + -6)*-11*1. Let c = x + 26. Suppose -5*y + c*h - 2*h + 40 = 0, h = -3*y + 35. What are the prime factors of y?
2, 5
Let l = 750 + -432. Suppose 6*h = -42 + l. List the prime factors of h.
2, 23
Let a(x) = 45*x + 23. Suppose 0 = -2*i - 2*i - 2*k + 10, 3*k = 3*i - 21. What are the prime factors of a(i)?
7, 29
Suppose -16*i + 8*i + 14784 = 0. What are the prime factors of i?
2, 3, 7, 11
Suppose 3*r = 410 + 802. What are the prime factors of r?
2, 101
Suppose -5*a = 3 - 13. Let d(b) = -3*b**2 - 9*b**2 + 10*b - a - 5*b**3 - 7 + 4*b**3. What are the prime factors of d(-13)?
2, 3, 5
Let u = 7878 + -5278. List the prime factors of u.
2, 5, 13
Let m(v) = -11*v + 4*v + 8*v. Let b be m(0). Suppose b = -2*f - 0 + 6. What are the prime factors of f?
3
Suppose 4*v - 45 = v. Suppose 5*z - v - 25 = 0. Suppose 4*x + 54 = 2*a + 3*a, z = a + 2*x. List the prime factors of a.
2, 5
Suppose 130*r = 126*r + 10004. List the prime factors of r.
41, 61
Let a = 4752 + -2656. What are the prime factors of a?
2, 131
Suppose 4*g + 5*k - 8150 = 0, k + 3*k = -8. List the prime factors of g.
2, 3, 5, 17
Suppose -35*j + 45*j - 4090 = 0. List the prime factors of j.
409
Let o(w) = -w + 1. Let c be o(-4). Let d be 2 - -3 - (7 - c). Suppose -d*y + 44 = -1. What are the prime factors of y?
3, 5
Let y(w) = -2*w + 14. Let j be y(14). Let r = -11 + j. What are the prime factors of -5*5/(r/4)?
2
Suppose -4*v = 30 + 34. Let l(q) = -q**3 - 15*q**2 + 9*q - 3. List the prime factors of l(v).
109
Suppose -3 = 3*z - 9. Suppose z*v = v. Suppose y + 69 = 2*a, v = 5*a - 2*y + 43 - 218. List the prime factors of a.
37
Suppose 9*h - 29 = 70. Let w(n) be the third derivative of n**5/60 - 5*n**4/24 - 4*n**3 + n**2. What are the prime factors of w(h)?
2, 3, 7
Suppose 0 = -4*o - 314 + 6. Let f be 1054/8 - (-6)/24. Let r = o + f. List the prime factors of r.
5, 11
Let n = -61 + 107. List the prime factors of n.
2, 23
Suppose 13*a - 43*a = -78840. List the prime factors of a.
2, 3, 73
List the prime factors of 3/12 - (-4775)/20.
239
Let j = 747 + -220. What are the prime factors of j?
17, 31
Let c be ((-4)/20)/((-1)/215). Suppose -c*f + 42*f = -70. What are the prime factors of f?
2, 5, 7
List the prime factors of 17235/75 - 3/(-15).
2, 5, 23
Suppose 4*o - 2*x = 26, -9*o = -5*o + 2*x - 22. Let z = 2 + -2. Suppose z = -4*i + 3*i + o. What are the prime factors of i?
2, 3
Suppose -4*i + 24 = -400. Suppose -192 = 2*p + g - 52, 0 = -4*p + g - 268. Let f = i + p. What are the prime factors of f?
2, 19
Suppose 5*c - 926 = 30*u - 31*u, -2832 = -3*u + 3*c. List the prime factors of u.
941
Let j(h) = -2*h + 21. Let f be j(5). Suppose f*r - 9*r - 246 = 0. List the prime factors of r.
3, 41
Suppose 0 = -166*j + 151*j + 12330. List the prime factors of j.
2, 3, 137
Suppose 0 = -3*d - 6, -105 = -f + 3*d + 704. Suppose 0 = -10*g + f + 427. What are the prime factors of g?
3, 41
Let a be (-2)/(0 + -2) - -4. Let c(m) = -a + 0 - 7*m - 4 + 3*m. List the prime factors of c(-8).
23
Let c be 19/38 - 986/(-4). What are the prime factors of 48/(-64) + c/4?
61
Suppose 0 = -0*g - 3*g - 6*a + 17484, -g + 5833 = -3*a. What are the prime factors of g?
2, 5, 11, 53
Suppose 2*r = -c + 970, 3*r + c - 1455 = -c. What are the prime factors of r?
5, 97
List the prime factors of 1140534/342 + (-8)/(-76) - -1.
2, 3, 139
Let q(z) = 2*z**2 + 2*z - 1. Suppose 2*h + 3*g = 2, -3*g - 3 = 9. What are the prime factors of q(h)?
3, 37
Let v be ((-3)/1 - -2) + 7. Suppose 54 = v*g - 12*g. What are the prime factors of (g/(-36))/((-1)/(-236))?
59
Suppose 11*b = 6*b + 60. Suppose 2*y = 5*y + b. Let t(j) = -j**3 - 3*j**2 - 4*j + 2. List the prime factors of t(y).
2, 17
Suppose 235 = 2*k - 5*u, -k + 2*u + 43 + 76 = 0. Suppose -4*c + 296 = -3*i, -5*i + 97 + k = 3*c. What are the prime factors of c?
2, 37
Let b = -928 + 1616. Suppose -3*f - b = -5*x, 0*f = -4*x + 3*f + 551. List the prime factors of x.
137
Suppose 0 = 6*d - 8*d + 4. Suppose -d*o + 5*o - 126 = 0. What are the prime factors of o?
2, 3, 7
What are the prime factors of (4368/(-54) - 2)/((-2)/18)?
2, 373
Suppose 7*n = 23*n - 10576. List the prime factors of n.
661
Let c(f) = -f**2 - 3*f - 2. Let b be c(-3). Let t be (-568)/(-12) + b/6. Let n = t + -19. List the prime factors of n.
2, 7
Suppose -2*v + 1007 = 5*c, 19*c = 5*v + 20*c - 2483. List the prime factors of v.
2, 31
Let l = 835 - 125. What are the prime factors of l?
2, 5, 71
Suppose 0 = -7*k + 10*k + 18. Let m(r) = r**3 + 10*r**2 + 11*r - 10. What are the prime factors of m(k)?
2, 17
Suppose 3*f + 22 = -v, 4*v - 5*f + 77 + 28 = 0. What are the prime factors of (-1)/(v/(-26) - 1)?
2, 13
Let u(w) be the second derivative of 6*w - 2/3*w**3 - 7/12*w**4 - 1/20*w**5 + 0 - 7/2*w**2. List the prime factors of u(-7).
3, 7
Let p(u) = 4*u + 13. Let h be p(0). Suppose -h*k - 9 = -16*k. List the prime factors of k.
3
Let s(m) = m**2 + 14*m - 10. Let l be s(-15). Suppose l*r - 75 = -20. What are the prime factors of r?
11
Let c(p) = 47*p**2 + 4*p - 2. Let y be c(-4). Suppose 5*r + 126 = m - 0*m, -5*m - r = -y. What are the prime factors of m?
2, 73
List the prime factors of 165*(9/(-27) - 238/(-30)).
2, 3, 11, 19
Let d(n) = 21*n**2 - n. Suppose -4*k = 3 + 1. Let b be 1/(k*(-3 - -4)). What are the prime factors of d(b)?
2, 11
Suppose 0*f - f + 745 = -4*j, 905 = -5*j - 4*f. Let b = 278 + j. What are the prime factors of b?
3, 31
Suppose 14*a - 45*a + 16244 = 0. What are the prime factors of a?
2, 131
Suppose 0 = -b - 5*z + 4*z - 8, -b = 3*z - 2. Let i = b + 29. Let s = i + -12. List the prime factors of s.
2
Let b(p) = p**3 + 6*p**2 - 8*p - 8. Suppose 6*t - 12 = 4*t. Suppose -1 = -t*q - 37. What are the prime factors of b(q)?
2, 5
Let r = -8 - -13. Suppose -4*h = -3*g + 31, 10*h = 3*g + r*h - 35. Suppose 0*d - g*y = 3*d - 15, 5*d + y - 47 = 0. What are the prime factors of d?
2, 5
Suppose 2*m = j + 513, 3*j = m + j - 252. Suppose -r = -0*g + 5*g - m, 3*r = -2*g + 709. List the prime factors of r.
233
Let m(u) be the second derivative of -1/6*u**3 + u - 11/2*u**2 + 0. List the prime factors of m(-14).
3
Suppose 0 = -601*m + 605*m - 2180. What are the prime factors of m?
5, 109
What are the prime factors of (-727158)/(-289) + -16 - 4/34?
2, 5
Suppose 4*q + 5*l = 1548, 0 = 4*q - 0*l - l - 1572. Suppose -5*k - 2*z + q = 0, -k - z + 0*z + 76 = 0. List the prime factors of k.
2, 5
Suppose 14*b = 15*b + 9. What are the prime factors of 0 + -3*b/3?
3
Let w(z) = -6 - z**2 - z - 4 - z**2 + 3*z**2. What are the prime factors of w(7)?
2
Let g be -4*(3 + 2 + -6). Suppose -3*f = 5*z - 124, -g*f + 32 = 4*z - 72. What are the prime factors of z?
23
Let g be (114 + -24)/((-3)/4). List the prime factors of (-1382)/(-8) + 90/g.
2, 43
Suppose 9*a + 988 = d + 12*a, -1000 = -d + a. What are the prime factors of d?
997
Suppose -c + 138 - 42 = 0. Let j = c + -51. List the prime factors of j.
3, 5
Let w(u) = 16*u + 10. Let a be w(-7). Let d be a/27 + 6/(-27). Let s(h) = h**3 + 5*h**2 + 4*h + 5. What are the prime factors of s(d)?
5
Let g = 3524 - 1995. What are the prime factors of g?
11, 139
Suppose 2*f - 2682 = 3*c, 2*f = 7*f - 4*c - 6712. List the prime factors of f.
2, 3, 7
Let a be 75/10*16/3. Let p(n) = 5*n**2 + n - 1. Let j be p(-4). Let y = j - a. List the prime factors of y.
5, 7
Let d(b) = -2*b**2 + b - 9. Let r be d(0). Let n = -5 - r. Suppose -90 = -n*x - x. List the prime factors of x.
2, 3
Let w = 1108 - 419. What are the prime factors of w?
13, 53
Let y(g) = -3*g + 88. What are the prime factors of y(21)?
5
Let u = 9 + -98. Let q = u - -128. List the prime factors of q.
3, 13
Let h(x) = -x**3 + 9*x**2 - 3*x + 6. Let q be h(6). Suppose 8*b = 10*b - q. What are the prime factors of b?
2, 3
Let m(s) = s**3 - 4*s**2 + 2. Suppose 0*u - 2*u = -8. Let t be m(u). Suppose -4*i + 4*b = -64, 4*i + 16 = t*b + 80. What are the prime factors of i?
2
Let u(x) = 3*x**3 + x**2 - 1. Let z be u(1). Suppose -3*s + z = 6. List the prime factors of (s - -11 - 2)/2.
2
Suppose 2*p = -4*f - 2*p - 2176, 5*f - 3*p = -2744. Let i = -383 - f. What are the prime factors of i?
2, 41
Let u(f) = 13*f**2 + 13*f - 33. List the prime factors 